inder when (10/(-3))/(8 - j/(-450)) is divided by 9.
8
Calculate the remainder when 1835 is divided by 16/296 + 5659/37.
152
Let c(v) = v**3 + 28*v**2 + 101*v - 26. Calculate the remainder when c(-18) is divided by 28.
24
Let r(y) = y**2 + 24. Let i be r(-7). Suppose -4*t - t = h + i, 0 = 4*h - 5*t + 342. Let a = h + 101. Calculate the remainder when a is divided by 9.
0
Let z = 178 - 174. Suppose 446 + 632 = z*q + c, q = -2*c + 273. Calculate the remainder when q is divided by 54.
53
Let f be (60/75)/((-2)/(-60)*3). Calculate the remainder when 63 is divided by (-33)/(-7) + f/28.
3
Let f(c) = c**2 + 3*c + 2. Let u be 2/(-4) - 18/(-4). Suppose 4*h = 5*b + 228, b - u*b = h - 57. Calculate the remainder when h is divided by f(4).
27
Suppose -11 = 2*k + 43. Let s be (-12)/(-54) + (-129)/k. Suppose s*d + 153 = 6*d. Calculate the remainder when d is divided by 31.
29
Suppose -111 = -38*p + 3. What is the remainder when 69 is divided by 15 + 1 - (3 - (p + -4))?
9
Suppose -744 = 2*t + l + 2*l, l = 4*t + 1488. Let y = 392 + t. Calculate the remainder when 32 is divided by y.
12
Suppose -60*a + 61*a = 258. Suppose 4*b - 2*b = 4*m - 524, -3*b = -2*m + a. Calculate the remainder when 11/(m/144 - (-2)/(-3)) is divided by 16.
12
Suppose 0 = -20*s + 14*s - 27*s + 29040. Let z(i) = 15*i**2 + i + 1. Calculate the remainder when s is divided by z(2).
61
Let l = -263 - -263. Suppose l = 8*v - 56 - 1832. What is the remainder when v is divided by 17?
15
Suppose 0 = -5*o - h + 952, -3*o - 6*h + 75 + 507 = 0. What is the remainder when o is divided by 12?
10
Let r(o) = -4*o**3 + o**2 + o + 2. Let f(p) = -p**3 + 6*p**2 + 34*p - 112. What is the remainder when r(-3) is divided by f(3)?
14
Suppose -10*i + 2*x = -146, -82*i + 50 = -78*i - 2*x. What is the remainder when 1550 is divided by i?
14
Let g(j) = -j**2 + 15*j - 1. Let d(o) = -12*o**3 - 4*o - 2. Let x be d(-1). What is the remainder when 192 is divided by g(x)?
10
Let p be (-960)/72*(-1 - 2). Suppose -p*b = -44*b + 236. What is the remainder when 174 is divided by b?
56
Let u = 6715 - 6636. What is the remainder when 394 is divided by u?
78
Let h(i) = 13*i + 2. What is the remainder when (0/(-2))/9 + (-2464)/(-16) is divided by h(3)?
31
Suppose -1 = -g, -2*k + 6*g + 25 = -45. Suppose -4*j + 53 = -b, -4*j + 57 = b - 6*b. Calculate the remainder when k is divided by j.
12
Suppose -15760 = -5*l + 5*g, 2*l - g + 1227 = 7539. What is the remainder when l is divided by 176?
168
Suppose 35*s + 276 = 37*s + x, -x = -4*s + 558. Calculate the remainder when s is divided by 30.
19
Suppose -5*a + 85 = 5*j, -36*a + j - 29 = -38*a. Calculate the remainder when 1329 is divided by a.
9
Calculate the remainder when 14 is divided by ((-8)/(-36) + (-10)/(-360))*(60 - 8).
1
Suppose -72*u - 3809 + 28216 = -29161. Calculate the remainder when u is divided by 126.
114
Let u(c) = -c**2 + 5*c - 18. Let y be u(8). What is the remainder when 718 is divided by ((-20)/(-7)*-1)/(3/y)?
38
Let x be (-7)/63 - (2 + (-4988)/18). Suppose 5*q - x = -80. Calculate the remainder when q is divided by 22.
17
Suppose 2714 = 78*s + 40*s. What is the remainder when 1211 is divided by s?
15
Suppose -3*g + 72 = r, 2*r = -5*g - 2*r + 113. What is the remainder when 127 is divided by ((-220)/g)/(22/(-165))?
61
Suppose 0 = 4*u - 6*f - 84, 5*f = -5*u + f + 151. Let d = -126 + 286. What is the remainder when d is divided by u?
25
Let a(j) = -10*j + 18*j + 49 - 27*j. What is the remainder when 118 is divided by a(2)?
8
Suppose -2*b + 470 = 5*i, 6 - 106 = 20*b. Calculate the remainder when 290 is divided by i.
2
Let s be (-24)/3*1/(8/(-6)). Suppose 3*v - 23 = 2*l, v - 5*l = s*v - 55. Let b = -51 - -66. What is the remainder when b is divided by v?
6
Let s be (20/6)/((-20)/(-330)) + 2. Let b = -35 + s. Let g = 108 - 21. What is the remainder when g is divided by b?
21
Calculate the remainder when (-54 - 1845)/((-6)/4) is divided by 9.
6
Let p = 26753 - 25404. Calculate the remainder when p is divided by 104.
101
What is the remainder when 399 is divided by (-19 + 7)/(-1*3/294*3)?
7
Suppose 5*p = 8*p + 507. Let n = p - -262. What is the remainder when n is divided by 20?
13
Let c be 44/(-1)*(-185)/74. Suppose 0 = -26*v + 24*v + c. Let d(i) = 7*i**2 - i - 1. What is the remainder when v is divided by d(-2)?
26
Let q be (2 - 1)/(14/112). Suppose q*y = -27*y + 1715. Calculate the remainder when 145 is divided by y.
47
Let c = 144 - 136. What is the remainder when c*5/50*(-2205)/(-6) is divided by 27?
24
Calculate the remainder when 597 is divided by (2 - 25)/((-12)/24).
45
Let q be (0*(-5 - (-2 - 2)))/(-2). Suppose 2*o - 5*f - 72 - 56 = q, 5*f = -o + 49. Calculate the remainder when o is divided by 17.
8
Suppose 39*k - 44*k + 2300 = 0. Suppose -16*r = -k - 180. Suppose 6*w + r = 11*w. Calculate the remainder when 38 is divided by w.
6
Suppose -3*n - 5*y + 2*y + 345 = 0, -3*y = n - 115. Calculate the remainder when 792 is divided by n.
102
Suppose 3*x + 5 - 20 = 0. What is the remainder when x/(-25) - 342/5*-3 is divided by 52?
49
Let q = -2313 - -3898. What is the remainder when q is divided by 158?
5
Let m = -72 - -96. What is the remainder when 184 is divided by m/32 + (-105)/(-4)?
22
Let f(r) = -2*r**2 - 4*r + 5. Let z(p) = 3*p**2 + 9*p - 10. Let n(g) = -7*f(g) - 4*z(g). Calculate the remainder when n(-8) is divided by 6.
5
Suppose -27 - 65 = -2*c. What is the remainder when c is divided by (5/(35/8))/(36/630)?
6
Let k = 542 - 296. Calculate the remainder when k is divided by -25*1*(3 + -4).
21
Let i(f) = f**2 + 80*f + 180. What is the remainder when 3189 is divided by i(-78)?
21
Let n(f) = -4*f**2 + 7*f + 13. Let r(t) = -t**2 + 2*t - 1. Let w(k) = -n(k) + 3*r(k). What is the remainder when 274 is divided by w(-8)?
50
Let l be (-29220)/(-210) - 2/14. Let g = -33 + l. Calculate the remainder when g is divided by 34.
4
Let j(m) = 1106*m - 571. Calculate the remainder when j(3) is divided by 11.
8
Suppose 404*j - 6652 - 1832 = 0. Let s = -7 + 4. Let i = s + 11. Calculate the remainder when j is divided by i.
5
Suppose 147 = 7*w - 3*s - 228, 3*w + 2*s - 141 = 0. Calculate the remainder when 237 is divided by w.
33
Suppose 491 = -3*v + 614. Calculate the remainder when 155 is divided by v.
32
Suppose -13*r - 85 = 4*r. Let x(g) = 5*g**2 - 2*g - 2. Calculate the remainder when x(3) is divided by 1*17 - r/(-5)*4.
11
Suppose 15*m = -3*r + 12*m + 678, 8 = 2*m. Calculate the remainder when r is divided by 94.
34
What is the remainder when (-2586)/4*2/(-3) is divided by 5*15 + -369 + 348?
53
Let d = 46 + -43. Let o(y) = 5*y + 37. What is the remainder when o(d) is divided by 14?
10
Let g(v) = 3*v**3 - 40*v**2 + 66*v - 628. Calculate the remainder when 643 is divided by g(13).
33
Let z be 296 - (-1 + -9)/2. Let o = z + -264. Calculate the remainder when 160 is divided by o.
12
Let l(z) = 55*z + 91. Let h be l(-17). Let g = 856 + h. Calculate the remainder when 213 is divided by g.
9
Let k(j) = -6*j + 11. Let l = 0 - 9. Let d be k(l). Suppose 455 = 6*r + d. Calculate the remainder when r is divided by 17.
14
Suppose -89 = -4*j - 4*x + 39, -4*j + 128 = -3*x. Calculate the remainder when 318 is divided by j.
30
Let c be (-1)/(-2) - 460/(-8) - -4. Suppose -77 = -5*t - c. What is the remainder when 92 - (-2 + 2 - (0 + t)) is divided by 8?
7
Let k(o) = 14*o + 23. Let t be k(5). Let u = t - 29. Calculate the remainder when u is divided by 33.
31
Let t(k) = -21*k**2 - 175*k + 137. Let m(v) = -v**2 - 7*v**3 + v**2 - 2*v + 3*v**2 + 4*v. Calculate the remainder when m(-2) is divided by t(-9).
9
Let u = 235 + 0. Let m = u - 228. Suppose -4*n + 19 = 3. Calculate the remainder when m is divided by n.
3
Suppose -53*q = -57*q + 168. Suppose 84*c - 91*c + q = 0. What is the remainder when 6 is divided by c?
0
Let q(b) = b**3 - 11*b**2 + 18*b - 224. Let u be q(11). Let g(z) = z**3 + 23*z**2 - 80*z - 26. Calculate the remainder when 63 is divided by g(u).
11
Let j = -78 + 136. Let p(w) = -w**3 + 7*w**2 + 15*w - 25. Calculate the remainder when j is divided by p(-3).
18
Suppose -3*g = 3*u + 192 - 285, -3*u = 4*g - 88. What is the remainder when 11626 is divided by u?
34
Suppose -25*i - 12 = -28*i. What is the remainder when 20 is divided by i?
0
Suppose 8*s + 1 = 41. Suppose -s*b + 475 = 4*g